 what is 208 - 302597?
-30238c
In base 13, what is 9 + -2598c1?
-2598b5
In base 13, what is 21b - 460a?
-43bc
In base 12, what is -1 - -2438209?
2438208
In base 4, what is 330 + -3232222111?
-3232221121
In base 15, what is -3 + -32bc88?
-32bc8b
In base 4, what is -12 + 223001103?
223001031
In base 10, what is -3198249 + -488?
-3198737
In base 3, what is -21121000102122201 + -11?
-21121000102122212
In base 16, what is 1b67cb6 - -3?
1b67cb9
In base 7, what is 221 + -404213?
-403662
In base 5, what is 423210 + -222033?
201122
In base 5, what is -13324 - -221232?
202403
In base 10, what is 112976 + 52?
113028
In base 9, what is 201308 - 308?
201000
In base 16, what is -11c8c + -ef?
-11d7b
In base 10, what is -2120 - -188?
-1932
In base 11, what is -233435 - -3704?
-22a831
In base 12, what is ab8 - 5920?
-4a24
In base 7, what is 3502006455 - 1?
3502006454
In base 12, what is 105 + 111488?
111591
In base 9, what is -2878728 - 148?
-2878877
In base 7, what is 24244104 + -5?
24244066
In base 12, what is 181618 + 93?
1816ab
In base 13, what is c + -3506226?
-3506217
In base 8, what is -6 - -16372203?
16372175
In base 7, what is -26554 - -46110?
16223
In base 16, what is e + -2cbfd?
-2cbef
In base 16, what is -c - -3b8d9?
3b8cd
In base 12, what is 1089660 - 0?
1089660
In base 6, what is 34034051 + 3242?
34041333
In base 2, what is 1011010111001 + 1001001011100000?
1010100110011001
In base 8, what is 10707602 + -1?
10707601
In base 12, what is 1 + 45a1139?
45a113a
In base 4, what is 1323222123213 - 0?
1323222123213
In base 16, what is -3e825f - 4?
-3e8263
In base 4, what is -21331 - -201300303?
201212312
In base 13, what is -90a2c1 - 5?
-90a2c6
In base 8, what is -3 + -742150036?
-742150041
In base 7, what is -115 - 443553?
-444001
In base 16, what is 88d + -1ea9a?
-1e20d
In base 10, what is 13150 - -218?
13368
In base 10, what is 31 - 7996351?
-7996320
In base 8, what is 6337347 - -3?
6337352
In base 11, what is -233 - 3758568?
-37587a0
In base 12, what is -561b - -370?
-526b
In base 5, what is 141341 - -43412?
240303
In base 2, what is -11 + -111111010000000010011?
-111111010000000010110
In base 6, what is 101223 + -415?
100404
In base 14, what is -26607 - -b4?
-26533
In base 4, what is 130002 + 10231031?
11021033
In base 2, what is 110001110010011010 + -1000111?
110001110001010011
In base 4, what is 133000331231220 + -2?
133000331231212
In base 5, what is -4113130444340 + 4?
-4113130444331
In base 3, what is 1210212 + -1001201111?
-222220122
In base 13, what is 41 - 27c3b2?
-27c371
In base 2, what is -111010000001100 + 111001111000?
-110010110010100
In base 9, what is 34834804 + 34?
34834838
In base 10, what is 55074649 + -1?
55074648
In base 6, what is -2520 + -122454?
-125414
In base 15, what is e0ae98 - 11?
e0ae87
In base 5, what is -1342434 - 243341?
-2141330
In base 9, what is 21546 - -13377?
35034
In base 7, what is 304502 - -421?
305223
In base 6, what is -33 - 5351332?
-5351405
In base 13, what is 4 + 377303?
377307
In base 4, what is 20031231331 + -2?
20031231323
In base 5, what is 12 + 2303302111?
2303302123
In base 11, what is -8 - -1aa92293?
1aa92286
In base 8, what is -456 + 24726?
24250
In base 11, what is -77797 + -149?
-77935
In base 16, what is 117f60fd + -4?
117f60f9
In base 9, what is 3457355 + 4?
3457360
In base 4, what is -1302101033000 - 2?
-1302101033002
In base 11, what is 2a5a6a18 - 1?
2a5a6a17
In base 12, what is -44 - 292779?
-292801
In base 12, what is 5 + 942083?
942088
In base 12, what is 531 + 2264a?
22b7b
In base 2, what is 1011101000010011110011 - -101?
1011101000010011111000
In base 13, what is -4 - -164bb768?
164bb764
In base 4, what is -111033230313 + 22?
-111033230231
In base 11, what is 4 - 1269521?
-1269518
In base 10, what is -5 - -1715359?
1715354
In base 11, what is 4255 - -21500?
25755
In base 9, what is -15427 - 22650?
-38177
In base 10, what is 183 + 1287437?
1287620
In base 12, what is 1b043abb - -2?
1b043b01
In base 2, what is -1000000000001000110110 + 100?
-1000000000001000110010
In base 16, what is -b2 + -28e113?
-28e1c5
In base 3, what is 121121222012000 - -102?
121121222012102
In base 13, what is 2b9b - -6769?
9637
In base 3, what is 2201011122002011 + -1?
2201011122002010
In base 5, what is 0 + -4412022334?
-4412022334
In base 8, what is -62 + -356476?
-356560
In base 6, what is 1 - 3411401?
-3411400
In base 14, what is 51984 + b7?
51a5b
In base 8, what is -1 + 10077017?
10077016
In base 3, what is 200101101010001 + 1?
200101101010002
In base 6, what is 1222455 - 135?
1222320
In base 10, what is 15389460 - 5?
15389455
In base 3, what is 1010200021211100 + -2?
1010200021211021
In base 11, what is 184297 - -447?
184733
In base 10, what is -5 + 12036629?
12036624
In base 16, what is 18 + 7c9bd?
7c9d5
In base 6, what is 102545331 + -14?
102545313
In base 15, what is -5 + d7646e?
d76469
In base 7, what is -52543 + -35144?
-121020
In base 4, what is 31200331010 + -2?
31200331002
In base 12, what is -1bb2 - -438b?
2399
In base 16, what is -221 + -d0f?
-f30
In base 8, what is 73 + 12206727?
12207022
In base 4, what is -11003112 - 3202100?
-20211212
In base 9, what is 83 - -51435?
51528
In base 12, what is -2 - a32a8ba?
-a32a900
In base 12, what is -99 + -59036?
-59113
In base 3, what is 21002210220012 - -10120?
21002211000202
In base 13, what is -1010 - -2b3?
-a2a
In base 5, what is 1044412414312 + 4?
1044412414321
In base 3, what is 10112110 - 2201021?
211012
In base 12, what is -37b0b00 - 25?
-37b0b25
In base 13, what is -3c01a2b - -5?
-3c01a26
In base 8, what is -2 + -612663671?
-612663673
In base 13, what is -3191450 - -17?
-3191436
In base 9, what is -5088863 - 34?
-5100007
In base 11, what is -95281 - 1550?
-96821
In base 14, what is -83 + 1a9c51?
1a9bac
In base 10, what is 2373557 - 80?
2373477
In base 16, what is -fcf9 - 22?
-fd1b
In base 8, what is -3705 + 175027?
171122
In base 9, what is 374 + -84604?
-84220
In base 4, what is 2101012 + -1200?
2033212
In base 7, what is -451631 - 40403?
-522334
In base 14, what is -2 + -891825?
-891827
In base 11, what is 2 - 54a2245?
-54a2243
In base 12, what is 8428 + -419b6?
-3558a
In base 9, what is -1 - -21424058?
21424057
In base 15, what is 4 + 1928780?
1928784
In base 5, what is 4222 + 242142432?
242202204
In base 2, what is 11101011110101111100011 + 1?
11101011110101111100100
In base 6, what is 101313 - 134310?
-32553
In base 6, what is -2 - 153124?
-153130
In base 6, what is -311 + 51143302?
51142551
In base 10, what is 41 + -66079?
-66038
In base 10, what is -4847 + -219000?
-223847
In base 6, what is 0 - 32012003?
-32012003
In base 11, what is -128 - -12571?
12444
In base 6, what is 413224 - -20?
413244
In base 13, what is -3533a48 + 4?
-3533a44
In base 7, what is 144515 - -44311?
222126
In base 15, what is -191d2 - 3b68?
-1cd4a
In base 6, what is 215104113 - -20?
215104133
In base 12, what is -13a - 115626?
-115764
In base 14, what is 157a - -3b487?
3ca23
In base 15, what is -99 + -dc395?
-dc43e
In base 8, what is -65 + 17717?
17632
In base 14, what is -4 + -158bb38d?
-158bb393
In base 8, what is 446 + -275370?
-274722
In base 3, what is 21002111112 + 21100?
21002202212
In base 9, what is -70847731 + 27?
-70847703
In base 11, what is -3 + 592481a3?
592481a0
In base 5, what is 11 - 420043040?
-420043024
In base 10, what is 7401 + -19230?
-11829
In base 2, what is 11100 - 10101000010111100001?
-10101000010111000101
In base 7, what is -1633123 - 54?
-1633210
In base 4, what is 2222 - 3320213000?
-3320210112
In base 14, what is -54617b + -2?
-54617d
In base 15, what is -13ba3b6c + 3?
-13ba3b69
In base 9, what is -10487630 + -5?
-10487635
In base 7, what is -1220455 + -242?
-1221030
In base 16, what is 3384c - -f3?
3393f
In base 9, what is -57018887 + 4?
-57018883
In base 6, what is 2043 + 233013?
235100
In base 14, what is -6 - -dc66d9?
dc66d3
In base 14, what is 336 - -3224?
355a
In base 5, what is 110 + 34041324?
34041434
In base 13, what is 268 - 3b0b4?
-3ab49
In base 16, what is abd7627 - -4?
abd762b
In base 16, what is 1911a + -19f?
18f7b
In base 8, what is -210722551 + -3?
-210722554
In base 7, what is -3202450 - 221?
-3203001
In base 8, what is -245 + 1561520?
1561253
In base 11, what is -2 + 4682620?
4682619
In base 6, what is -113140 + -1154